*a + 4*j + 38. Suppose -4*g = -6*g + 414. Calculate the greatest common factor of a and g.
23
Let s be (-3 + 4)/((-2)/(-116)*2). Calculate the highest common divisor of s and 87.
29
Suppose 3*t = 5*t + 60. Let c be (-1204)/t + 18/(-135). What is the highest common factor of 8 and c?
8
Let f(a) = -37*a - 12. Let j be f(-3). Suppose 20 = 4*s - 16. What is the greatest common factor of j and s?
9
Let b be 0/3*(-3)/(-6). Suppose -4*i + b = -8. Let r(c) = -2*c + 2. Let h be r(-5). Calculate the highest common divisor of i and h.
2
Let s be (41 - -1)*28/42. Suppose r - 70 = 2*r. Let w be (-4)/(-14) - 17620/r. Calculate the highest common factor of w and s.
28
Suppose -161*o + 3010 = -154*o. What is the greatest common divisor of 86 and o?
86
Let g be 64 + -2 + (-5 - -2). Suppose -7*b + 444 - g = 0. What is the highest common divisor of b and 22?
11
Suppose 3*j = -4*v - 36, 5*j + 2*v + 50 = -24. Let r = -18 - j. Let a be (-33)/r - (-8)/(-16). Calculate the greatest common divisor of a and 8.
8
Let i(p) = 13*p**2 + p. Let t be i(2). Calculate the greatest common factor of t and 162.
54
Suppose 4*o - 129 = -5*s, 56*s - 53*s - 4*o - 71 = 0. What is the highest common divisor of s and 625?
25
Let w(t) = 53*t - 205. Let n be w(4). Calculate the highest common factor of 1211 and n.
7
Suppose -2 - 10 = -4*l. Suppose -18*b + 7*b + 22 = 0. What is the greatest common divisor of b and l?
1
Let f be 0 + 1 - 6/(-2). Suppose f*u + 182 = 882. What is the greatest common factor of u and 25?
25
Suppose -106 = -4*p + 54. Suppose 8*s - p = 3*s. Suppose -3*g + s = -2*g. What is the highest common factor of 56 and g?
8
Let m be 315/(-84)*(1 + 1)*-8. What is the highest common divisor of m and 108?
12
Let t(q) = -3*q**2 + 71*q + 5. Let o be t(22). Calculate the highest common divisor of o and 69.
23
Let o = -25 + 34. Suppose 4*r - 48 = r - 3*c, -r + 20 = -c. Calculate the highest common factor of o and r.
9
Suppose 3*f = -w + 9, 0 = 5*w - f - 0*f - 93. Suppose -7*i + w*i - 627 = 0. What is the highest common factor of 38 and i?
19
Let p = 0 - -1. Let a be (0/2 + 7)/p. Suppose -200*o = -78*o - 103*o - 133. What is the highest common divisor of o and a?
7
Let f = 12 + 17. Suppose -4*b - 4*z = -z - 17, f = 5*b - 4*z. Suppose 3 = 3*a - c, a - 13 = 2*a - b*c. Calculate the greatest common divisor of 10 and a.
2
Let w be 56 - (0 + (0 - -2)). Suppose 4*b - 18 = -5*p, 4*p - 27 - 3 = 2*b. What is the highest common divisor of p and w?
6
Suppose 4*a + 2*i - 6 = 0, 2*i = a - 2*i + 12. Suppose -5*t + 3*t = a. Suppose t*v = -5*v - 4*m + 244, -1 = -m. What is the highest common factor of 12 and v?
12
Let q = 26 - -14. Suppose 3*x = -2*x + q. Suppose -5*p = -2*l - 164, 88*l = -3*p + 89*l + 98. Calculate the greatest common divisor of p and x.
8
Let t = -287 + 317. Calculate the greatest common factor of t and 40.
10
Let k = 399 + -304. Calculate the highest common factor of k and 5.
5
Suppose -72 = 3*t - 90. Calculate the greatest common factor of 6 and t.
6
Let l = 9305 + -9291. Let t = -277 + 431. Calculate the greatest common divisor of l and t.
14
Suppose -11 = 4*m - 3*t, -3*m = -0*m - 5*t + 22. Let y be 0*(m + 1 + -3). Suppose y = a + 4*a - 30. What is the greatest common factor of a and 66?
6
Let b(t) = -t**2 + 14*t - 13. Let r be b(5). Calculate the highest common divisor of 32 and r.
32
Let a be (-8)/(-80) - (-1039)/10. Suppose -9 - 17 = -2*j. Calculate the greatest common divisor of j and a.
13
Let r be (28 - 23)*(-16)/10*-1. Suppose 0 = 11*f + r*f - 5054. What is the highest common factor of 38 and f?
38
Let t = -44 - -93. Let i = t - 34. Let f = 27 - i. What is the highest common factor of f and 30?
6
Let f = -3531 + 5646. Let v be f/18*48/10. Let z be 4/26 + v/52. Calculate the greatest common factor of z and 11.
11
Let f = 7 - 3. Let d be (15 - 3)/(f/6). Let o = d - 12. Calculate the highest common divisor of o and 24.
6
Let x = 12 + -12. Suppose -4*o + 2*k = -2*o - 2, x = -3*o + k + 5. Let y = -9 + 11. What is the highest common divisor of o and y?
2
Let g be 13 - 14 - (-1 - -1). Let p(i) = -4*i. Let v be p(g). Suppose -v*r + 13 = -35. Calculate the greatest common divisor of 108 and r.
12
Suppose -3*y = -n - 4*n + 35, -2*n + 14 = -3*y. Let w = -5 + n. Suppose 12 = 3*h, -w*g + h - 3*h + 20 = 0. What is the greatest common factor of 24 and g?
6
Suppose 0 + 12 = 3*c. Suppose -5*s = -0*s, -c*i + 120 = -2*s. Let m = -16 + i. What is the highest common factor of 2 and m?
2
Let v be (-2594)/(-14) - (-12)/(-42). Suppose -5*b - 83 = -3*c, c - b + v = 6*c. Calculate the greatest common divisor of c and 324.
36
Suppose 3*l + 3248 = 10*l. Let v = l - 328. Let r = -27 - -44. Calculate the highest common factor of v and r.
17
Let c be (-4)/8 - 97*3/(-6). What is the highest common factor of 48 and c?
48
Let v(s) = -7*s - 64. Let u(y) = -4*y - 32. Let h(x) = 5*u(x) - 3*v(x). Let f be h(-10). What is the highest common divisor of 2 and f?
2
Let h(k) = 3*k**2 - 6*k - 4. Let a be h(-4). Suppose -2*i + 4*w = -26, -i + 21 = -0*w + 2*w. Calculate the highest common factor of a and i.
17
Let k = 4 + 8. Suppose 7*h = k*h + 10. Let w be h/(-3) + (-34)/(-3). What is the highest common factor of w and 36?
12
Suppose -3*v - 4 = -829. Suppose -11*z + 108 = 4*r - 13*z, r - 3*z = 37. Calculate the greatest common divisor of v and r.
25
Suppose 0*w - 30 = -2*w. Let a be 6/27 - 1932/(-54). Let z = a - -24. What is the greatest common divisor of z and w?
15
Let l be (15/(-9))/(4/(-24)). Calculate the highest common factor of 100 and l.
10
Let p(f) = -f**2 - 12*f - 9. Let n be p(-11). Suppose 3*u - 12 = -j, 4*u - 12 - 4 = n*j. Calculate the highest common factor of 16 and u.
4
Let b(a) = -a**2 - 28*a - 152. Let f be b(-8). What is the highest common factor of f and 116?
4
Let q(a) be the third derivative of 23*a**6/12 - a**5/30 - 40*a**2. Let d be q(1). What is the greatest common factor of 12 and d?
12
Suppose -11*k + 818 - 26 = 0. Calculate the highest common factor of 88 and k.
8
Suppose 0 = 5*n - 147 - 303. Calculate the greatest common factor of n and 45.
45
Suppose 5*f + 10*o - 486 = 12*o, 106 = f + 4*o. Calculate the highest common factor of f and 126.
14
Let u be 1/(-3) + (-152)/(-24) - -3. Calculate the greatest common divisor of u and 99.
9
Suppose -3*u + 17 = -2*d - 713, 0 = 5*u - d - 1205. What is the greatest common factor of u and 90?
30
Let y = -355 + 390. What is the greatest common divisor of y and 105?
35
Suppose -384*d + 386*d - 30 = 0. Suppose x = -n - 4*x + 270, 5*n + 3*x = 1284. Calculate the highest common factor of d and n.
15
Let f be (4235/110)/(2/12). What is the greatest common divisor of 66 and f?
33
Suppose -6*q + 5*q = -4*s + 8066, -8072 = -4*s + 4*q. What is the greatest common factor of s and 14?
14
Let m = 80 - 42. Suppose -2*t + 52 = 4*i, -2*i - 2*t = i - m. What is the highest common factor of i and 28?
14
Let w(l) = -29*l - 20*l - 4 + 61*l. Let c be w(1). What is the greatest common divisor of 112 and c?
8
Suppose 4*c = 8 - 0. Let o = 8 + c. Calculate the highest common divisor of o and 30.
10
Let i(v) = -4*v**2 + 14*v - 6 - 9*v - v**3 - 2*v. Let m be i(-5). Suppose 3*f = p - 16, -4*p - m*f - 15 = p. Calculate the greatest common divisor of p and 1.
1
Let o(c) = -c - 1. Let k be o(4). Let a = k + 4. Let p be (-3 + 8)/(a/(-9)). Calculate the greatest common factor of 15 and p.
15
Let u = 2731 - 2262. What is the greatest common divisor of 335 and u?
67
Let w = 123 - 78. Calculate the highest common divisor of w and 20.
5
Let m be (0 - -2)*2/(-4). Let f be (-5)/m - 2/(-1). Let n = 1121 + -1065. What is the greatest common factor of f and n?
7
Suppose 4*l - 9 - 11 = 0. Let t(n) = -n**2 + 7*n. Let u be -1 - -4 - (-18 + 16). Let i be t(u). What is the highest common divisor of l and i?
5
Let v(l) = -2*l**3 - 3*l**2 - 3*l. Let p be v(-2). Calculate the greatest common divisor of 160 and p.
10
Let p(k) = 6*k**2 + 3*k. Let q be p(-4). Suppose -5*x - d + 140 = 0, -x + 4*d - q = -4*x. What is the greatest common divisor of 4 and x?
4
Let f(c) = -c**3 - c**2 - 1. Let g(r) = -r**2 - 5*r - 2. Let w(b) = 3*f(b) + g(b). Let k be w(-2). What is the greatest common factor of k and 104?
13
Let o be (1*(-6)/3)/(2/(-63)). Calculate the greatest common divisor of 378 and o.
63
Let k(